{"id":10,"date":"2017-12-08T10:42:56","date_gmt":"2017-12-08T10:42:56","guid":{"rendered":"http:\/\/rabelais.navweb.fr\/?page_id=10"},"modified":"2018-01-28T16:57:40","modified_gmt":"2018-01-28T16:57:40","slug":"accueil","status":"publish","type":"page","link":"http:\/\/rabelais.navweb.fr\/","title":{"rendered":"Accueil"},"content":{"rendered":"<div id=\"pl-10\"  class=\"panel-layout\" ><div id=\"pg-10-0\"  class=\"panel-grid panel-has-style\" ><div class=\"siteorigin-panels-stretch panel-row-style panel-row-style-for-10-0\" data-stretch-type=\"full-stretched\" ><div id=\"pgc-10-0-0\"  class=\"panel-grid-cell\" ><div id=\"panel-10-0-0-0\" class=\"so-panel widget widget_sow-slider panel-first-child panel-last-child\" data-index=\"0\" ><div class=\"so-widget-sow-slider so-widget-sow-slider-default-abf3e628296a\"><div class=\"sow-slider-base \" style=\"display: none\"><ul class=\"sow-slider-images\" data-settings=\"{&quot;pagination&quot;:true,&quot;speed&quot;:800,&quot;timeout&quot;:8000,&quot;swipe&quot;:true}\">\t\t<li class=\"sow-slider-image  sow-slider-image-cover\" style=\"background-image: url(http:\/\/rabelais.navweb.fr\/wp-content\/uploads\/2017\/12\/IMG_6186-e1512730216781.jpg)\" >\n\t\t\t\t\t\t\t\t\t<img width=\"1920\" height=\"691\" src=\"http:\/\/rabelais.navweb.fr\/wp-content\/uploads\/2017\/12\/IMG_6186-e1512730216781.jpg\" class=\"attachment-full size-full\" alt=\"\" decoding=\"async\" loading=\"lazy\" srcset=\"http:\/\/rabelais.navweb.fr\/wp-content\/uploads\/2017\/12\/IMG_6186-e1512730216781.jpg 1920w, http:\/\/rabelais.navweb.fr\/wp-content\/uploads\/2017\/12\/IMG_6186-e1512730216781-400x144.jpg 400w, http:\/\/rabelais.navweb.fr\/wp-content\/uploads\/2017\/12\/IMG_6186-e1512730216781-300x108.jpg 300w, http:\/\/rabelais.navweb.fr\/wp-content\/uploads\/2017\/12\/IMG_6186-e1512730216781-768x276.jpg 768w, http:\/\/rabelais.navweb.fr\/wp-content\/uploads\/2017\/12\/IMG_6186-e1512730216781-1024x369.jpg 1024w, http:\/\/rabelais.navweb.fr\/wp-content\/uploads\/2017\/12\/IMG_6186-e1512730216781-180x65.jpg 180w\" sizes=\"(max-width: 1920px) 100vw, 1920px\" \/>\t\t\t\t\t\t\t\t<\/li>\n\t\t\t\t<li class=\"sow-slider-image  sow-slider-image-cover\" style=\"background-image: url(http:\/\/rabelais.navweb.fr\/wp-content\/uploads\/2017\/12\/IMG_6168-e1512730147870.jpg)\" >\n\t\t\t\t\t\t\t\t\t<img width=\"1920\" height=\"636\" src=\"http:\/\/rabelais.navweb.fr\/wp-content\/uploads\/2017\/12\/IMG_6168-e1512730147870.jpg\" class=\"attachment-full size-full\" alt=\"\" decoding=\"async\" loading=\"lazy\" srcset=\"http:\/\/rabelais.navweb.fr\/wp-content\/uploads\/2017\/12\/IMG_6168-e1512730147870.jpg 1920w, http:\/\/rabelais.navweb.fr\/wp-content\/uploads\/2017\/12\/IMG_6168-e1512730147870-400x133.jpg 400w, http:\/\/rabelais.navweb.fr\/wp-content\/uploads\/2017\/12\/IMG_6168-e1512730147870-300x99.jpg 300w, http:\/\/rabelais.navweb.fr\/wp-content\/uploads\/2017\/12\/IMG_6168-e1512730147870-768x254.jpg 768w, http:\/\/rabelais.navweb.fr\/wp-content\/uploads\/2017\/12\/IMG_6168-e1512730147870-1024x339.jpg 1024w, http:\/\/rabelais.navweb.fr\/wp-content\/uploads\/2017\/12\/IMG_6168-e1512730147870-180x60.jpg 180w\" sizes=\"(max-width: 1920px) 100vw, 1920px\" \/>\t\t\t\t\t\t\t\t<\/li>\n\t\t<\/ul>\t\t\t\t<ol class=\"sow-slider-pagination\">\n\t\t\t\t\t\t\t\t\t\t\t<li><a href=\"#\" data-goto=\"0\">1<\/a><\/li>\n\t\t\t\t\t\t\t\t\t\t\t<li><a href=\"#\" data-goto=\"1\">2<\/a><\/li>\n\t\t\t\t\t\t\t\t\t<\/ol>\n\n\t\t\t\t<div class=\"sow-slide-nav sow-slide-nav-next\">\n\t\t\t\t\t<a href=\"#\" data-goto=\"next\" data-action=\"next\">\n\t\t\t\t\t\t<em class=\"sow-sld-icon-thin-right\"><\/em>\n\t\t\t\t\t<\/a>\n\t\t\t\t<\/div>\n\n\t\t\t\t<div class=\"sow-slide-nav sow-slide-nav-prev\">\n\t\t\t\t\t<a href=\"#\" data-goto=\"previous\" data-action=\"prev\">\n\t\t\t\t\t\t<em class=\"sow-sld-icon-thin-left\"><\/em>\n\t\t\t\t\t<\/a>\n\t\t\t\t<\/div>\n\t\t\t\t<\/div><\/div><\/div><\/div><\/div><\/div><div id=\"pg-10-1\"  class=\"panel-grid panel-no-style\" ><div id=\"pgc-10-1-0\"  class=\"panel-grid-cell\" ><div id=\"panel-10-1-0-0\" class=\"so-panel widget widget_sow-editor panel-first-child panel-last-child\" data-index=\"1\" ><div class=\"panel-widget-style panel-widget-style-for-10-1-0-0\" ><div class=\"so-widget-sow-editor so-widget-sow-editor-base\">\n<div class=\"siteorigin-widget-tinymce textwidget\">\n\t<p><span style=\"font-size: 14pt;\">C\u2019est en <span style=\"font-size: 24pt;\">1880<\/span>\u00a0 sur les quais du port de Marseille qui embaument des odeurs d\u2019\u00e9pices fra\u00eechement d\u00e9barqu\u00e9es des Indes et d\u2019Afrique, que\u00a0<strong>Reynaud de Mazan<\/strong>, esprit curieux et imaginatif a l\u2019id\u00e9e de cr\u00e9er ce m\u00e9lange subtil, en associant\u00a0les <strong>\u00c9pices d\u2019Orient<\/strong> et les <strong>Aromates des collines<\/strong> de Provence.<\/span><\/p>\n<\/div>\n<\/div><\/div><\/div><\/div><div id=\"pgc-10-1-1\"  class=\"panel-grid-cell\" ><div id=\"panel-10-1-1-0\" class=\"so-panel widget widget_sow-image panel-first-child panel-last-child\" data-index=\"2\" ><div class=\"panel-widget-style panel-widget-style-for-10-1-1-0\" ><div class=\"so-widget-sow-image so-widget-sow-image-default-813df796d9b1\">\n\n<div class=\"sow-image-container\">\n\t<img src=\"http:\/\/rabelais.navweb.fr\/wp-content\/uploads\/2017\/12\/marseille-1880.jpg\" width=\"685\" height=\"442\" srcset=\"http:\/\/rabelais.navweb.fr\/wp-content\/uploads\/2017\/12\/marseille-1880.jpg 685w, http:\/\/rabelais.navweb.fr\/wp-content\/uploads\/2017\/12\/marseille-1880-400x258.jpg 400w, http:\/\/rabelais.navweb.fr\/wp-content\/uploads\/2017\/12\/marseille-1880-300x194.jpg 300w, http:\/\/rabelais.navweb.fr\/wp-content\/uploads\/2017\/12\/marseille-1880-180x116.jpg 180w\" sizes=\"(max-width: 685px) 100vw, 685px\" \t\tclass=\"so-widget-image\"\/>\n<\/div>\n\n<\/div><\/div><\/div><\/div><\/div><div id=\"pg-10-2\"  class=\"panel-grid panel-has-style\" ><div class=\"siteorigin-panels-stretch panel-row-style panel-row-style-for-10-2\" data-stretch-type=\"full\" ><div id=\"pgc-10-2-0\"  class=\"panel-grid-cell\" ><div id=\"panel-10-2-0-0\" class=\"so-panel widget widget_sow-image panel-first-child panel-last-child\" data-index=\"3\" ><div class=\"panel-widget-style panel-widget-style-for-10-2-0-0\" ><div class=\"so-widget-sow-image so-widget-sow-image-default-813df796d9b1\">\n\n<div class=\"sow-image-container\">\n\t<img src=\"http:\/\/rabelais.navweb.fr\/wp-content\/uploads\/2017\/12\/epices-rabelais-1.png\" width=\"603\" height=\"219\" srcset=\"http:\/\/rabelais.navweb.fr\/wp-content\/uploads\/2017\/12\/epices-rabelais-1.png 603w, http:\/\/rabelais.navweb.fr\/wp-content\/uploads\/2017\/12\/epices-rabelais-1-400x145.png 400w, http:\/\/rabelais.navweb.fr\/wp-content\/uploads\/2017\/12\/epices-rabelais-1-300x109.png 300w, http:\/\/rabelais.navweb.fr\/wp-content\/uploads\/2017\/12\/epices-rabelais-1-180x65.png 180w, http:\/\/rabelais.navweb.fr\/wp-content\/uploads\/2017\/12\/epices-rabelais-1-600x219.png 600w\" sizes=\"(max-width: 603px) 100vw, 603px\" title=\"epices-rabelais\" \t\tclass=\"so-widget-image\"\/>\n<\/div>\n\n<\/div><\/div><\/div><\/div><div id=\"pgc-10-2-1\"  class=\"panel-grid-cell\" ><div id=\"panel-10-2-1-0\" class=\"so-panel widget widget_sow-editor panel-first-child panel-last-child\" data-index=\"4\" ><div class=\"panel-widget-style panel-widget-style-for-10-2-1-0\" ><div class=\"so-widget-sow-editor so-widget-sow-editor-base\">\n<div class=\"siteorigin-widget-tinymce textwidget\">\n\t<p><span style=\"font-size: 14pt;\"><span style=\"font-size: 24pt;\">100% v\u00e9g\u00e9tal\u00a0<\/span>\u00a0(sans aucun additif\u00a0).<\/span><\/p>\n<p><span style=\"font-size: 14pt;\">Composition inchang\u00e9e depuis 1880.<\/span><\/p>\n<p><span style=\"font-size: 14pt;\">Vous l\u2019appr\u00e9cierez\u00a0 dans votre cuisine traditionnelle, <\/span><\/p>\n<p><span style=\"font-size: 14pt;\">\u00a0 \u00a0 \u00a0 \u00a0 \u00a0 \u00a0 \u00a0 \u00a0 \u00a0 \u00a0 \u00a0 \u00a0 \u00a0 \u00a0 \u00a0 \u00a0 \u00a0 \u00a0 \u00a0 \u00a0 \u00a0 \u00a0 \u00a0 <span style=\"font-family: 'book antiqua', palatino, serif;\"><strong><span style=\"color: #ff0000;\">\u00a0familiale, <\/span><\/strong><\/span><\/span><\/p>\n<p><strong><span style=\"font-size: 14pt;\">\u00a0 \u00a0 \u00a0 \u00a0 \u00a0 \u00a0 \u00a0 \u00a0 \u00a0 \u00a0 \u00a0 \u00a0 \u00a0 \u00a0 \u00a0 \u00a0 \u00a0 \u00a0 \u00a0 \u00a0 \u00a0 \u00a0 \u00a0 \u00a0 \u00a0 \u00a0 \u00a0 \u00a0 \u00a0 \u00a0 \u00a0<span style=\"color: #3366ff;\"> \u00a0 <span style=\"font-family: 'comic sans ms', sans-serif;\">festive, <\/span><\/span><\/span><\/strong><\/p>\n<p><strong><span style=\"font-size: 14pt;\">\u00a0 \u00a0 \u00a0 \u00a0 \u00a0 \u00a0 \u00a0 \u00a0 \u00a0 \u00a0 \u00a0 \u00a0 \u00a0 \u00a0 \u00a0 \u00a0 \u00a0 \u00a0 \u00a0 \u00a0 \u00a0 \u00a0 \u00a0 \u00a0 \u00a0 \u00a0 \u00a0 \u00a0 \u00a0 \u00a0 \u00a0 \u00a0 \u00a0 \u00a0 \u00a0 \u00a0 \u00a0 \u00a0 <span style=\"color: #808080;\">\u00a0r\u00e9gionale, <\/span><\/span><\/strong><\/p>\n<p><strong><span style=\"font-size: 14pt;\">\u00a0 \u00a0 \u00a0 \u00a0 \u00a0 \u00a0 \u00a0 \u00a0 \u00a0 \u00a0 \u00a0 \u00a0 \u00a0 \u00a0 \u00a0 \u00a0 \u00a0 \u00a0 \u00a0 \u00a0 \u00a0 \u00a0 \u00a0 \u00a0 \u00a0 \u00a0 \u00a0 \u00a0 \u00a0 \u00a0 \u00a0 \u00a0 \u00a0 \u00a0 \u00a0 \u00a0 \u00a0 \u00a0 \u00a0 \u00a0 \u00a0 \u00a0 \u00a0 \u00a0 \u00a0<span style=\"color: #ff9900;\"> \u00a0 \u00a0 exotique\u00a0<\/span><\/span><\/strong><\/p>\n<p><strong><span style=\"font-size: 14pt;\">\u00a0 \u00a0 \u00a0 \u00a0 \u00a0 \u00a0 \u00a0 \u00a0 \u00a0 \u00a0 \u00a0 \u00a0 \u00a0 \u00a0 \u00a0 \u00a0 \u00a0 \u00a0 \u00a0 \u00a0 \u00a0 \u00a0 \u00a0 \u00a0 \u00a0 \u00a0 \u00a0 \u00a0 \u00a0 \u00a0 \u00a0 \u00a0 \u00a0 \u00a0 \u00a0 \u00a0 \u00a0 \u00a0 \u00a0 \u00a0 \u00a0 \u00a0 \u00a0 \u00a0 \u00a0 \u00a0 \u00a0 \u00a0 \u00a0 \u00a0 \u00a0 \u00a0<span style=\"color: #339966;\">v\u00e9g\u00e9tarienne...<\/span><\/span><\/strong><\/p>\n<\/div>\n<\/div><\/div><\/div><\/div><\/div><\/div><div id=\"pg-10-3\"  class=\"panel-grid panel-no-style\" ><div id=\"pgc-10-3-0\"  class=\"panel-grid-cell\" ><div id=\"panel-10-3-0-0\" class=\"so-panel widget widget_sow-editor panel-first-child panel-last-child\" data-index=\"5\" ><div class=\"panel-widget-style panel-widget-style-for-10-3-0-0\" ><div class=\"so-widget-sow-editor so-widget-sow-editor-base\">\n<div class=\"siteorigin-widget-tinymce textwidget\">\n\t<p><span style=\"font-size: 14pt;\"><span style=\"font-size: 18pt;\"><span style=\"font-size: 24pt;\">Aujourd\u2019hui<\/span>\u00a0<\/span>\u00a0avec\u00a0\u00a0<a href=\"http:\/\/rabelais.navweb.fr\/\"><strong>Boutique-Rabelais.com<\/strong><\/a>\u00a0nous vous proposons de partager entre particuliers de <strong>nouvelles\u00a0 id\u00e9es<\/strong>, de <strong>nouvelles saveurs<\/strong>, des<strong> recettes simples ou festives<\/strong> pour une\u00a0<strong>Cuisine<\/strong> <strong>\u00a0naturelle <\/strong>et savoureuse.<\/span><\/p>\n<p><span style=\"font-size: 14pt;\"><span style=\"font-size: 24pt;\">Avec<\/span>\u00a0<a href=\"http:\/\/rabelais.navweb.fr\/?product=kit-epices-rabelais\">Cuisine d\u2019Hier et d\u2019Aujourd\u2019hui<\/a>,\u00a0 d\u00e9couvrez <strong>150 recettes<\/strong> savoureuses\u00a0\u00a0pour cuisiner \u00a0avec \u00a0les <strong>\u00c9pices<\/strong> <strong>Rabelais<\/strong>\u00a0\u2018\u2019De la Salade aux Desserts\u2019\u2019<\/span><\/p>\n<\/div>\n<\/div><\/div><\/div><\/div><div id=\"pgc-10-3-1\"  class=\"panel-grid-cell\" ><div id=\"panel-10-3-1-0\" class=\"so-panel widget widget_sow-image panel-first-child panel-last-child\" data-index=\"6\" ><div class=\"panel-widget-style panel-widget-style-for-10-3-1-0\" ><div class=\"so-widget-sow-image so-widget-sow-image-default-813df796d9b1\">\n\n<div class=\"sow-image-container\">\n\t<img src=\"http:\/\/rabelais.navweb.fr\/wp-content\/uploads\/2017\/12\/recettes-epices-rabelais-225x300.jpg\" width=\"225\" height=\"300\" srcset=\"http:\/\/rabelais.navweb.fr\/wp-content\/uploads\/2017\/12\/recettes-epices-rabelais-225x300.jpg 225w, http:\/\/rabelais.navweb.fr\/wp-content\/uploads\/2017\/12\/recettes-epices-rabelais-135x180.jpg 135w, http:\/\/rabelais.navweb.fr\/wp-content\/uploads\/2017\/12\/recettes-epices-rabelais.jpg 257w\" sizes=\"(max-width: 225px) 100vw, 225px\" \t\tclass=\"so-widget-image\"\/>\n<\/div>\n\n<\/div><\/div><\/div><\/div><\/div><div id=\"pg-10-4\"  class=\"panel-grid panel-has-style\" ><div class=\"siteorigin-panels-stretch panel-row-style panel-row-style-for-10-4\" data-stretch-type=\"full\" ><div id=\"pgc-10-4-0\"  class=\"panel-grid-cell\" ><div id=\"panel-10-4-0-0\" class=\"so-panel widget widget_sow-editor panel-first-child panel-last-child\" data-index=\"7\" ><div class=\"panel-widget-style panel-widget-style-for-10-4-0-0\" ><div class=\"so-widget-sow-editor so-widget-sow-editor-base\">\n<div class=\"siteorigin-widget-tinymce textwidget\">\n\t<p><span style=\"font-size: 14pt;\"><span style=\"font-size: 24pt;\">Recevez\u00a0<\/span>\u00a0 tous\u00a0 les mois de <strong>nouvelles recettes<\/strong>, avec des <strong>produits de saison<\/strong>, faciles \u00e0 trouver dans vos commerces habituels ou sur les march\u00e9s.\u00a0Gratuitement sur\u00a0 simple <a href=\"http:\/\/rabelais.navweb.fr\/?page_id=102\">inscription<\/a> en i<\/span><span style=\"font-size: 14pt;\">ndiquant\u00a0 \u00a0votre adresse mail dans notre formulaire de contact.<\/span><\/p>\n<\/div>\n<\/div><\/div><\/div><\/div><div id=\"pgc-10-4-1\"  class=\"panel-grid-cell\" ><div id=\"panel-10-4-1-0\" class=\"so-panel widget widget_sow-editor panel-first-child panel-last-child\" data-index=\"8\" ><div class=\"panel-widget-style panel-widget-style-for-10-4-1-0\" ><div class=\"so-widget-sow-editor so-widget-sow-editor-base\">\n<div class=\"siteorigin-widget-tinymce textwidget\">\n\t<p><span style=\"font-size: 24pt;\">Envoyez<\/span> nous une recette ou une id\u00e9e d\u2019utilisation originale dans laquelle sont utilis\u00e9es les <strong>Epices Rabelais<\/strong>\u00a0et recevez une petite boite fer ancienne originale ( boite de 25 gr de 1928) .Vos recettes\u00a0 pourront \u00a0\u00eatre diffus\u00e9es sur notre site ou publi\u00e9es. (Voir r\u00e8glement).\u00a0 \u00a0 \u00a0 \u00a0 \u00a0 \u00a0 \u00a0 \u00a0 \u00a0 \u00a0 \u00a0 \u00a0 \u00a0 \u00a0 \u00a0 \u00a0 \u00a0 \u00a0 \u00a0 \u00a0 \u00a0 \u00a0 \u00a0 \u00a0 \u00a0 \u00a0 \u00a0 \u00a0 \u00a0 \u00a0 \u00a0 \u00a0 \u00a0 \u00a0 \u00a0 \u00a0 \u00a0 \u00a0 \u00a0 \u00a0 \u00a0 \u00a0 \u00a0 \u00a0 \u00a0 \u00a0 \u00a0 \u00a0 \u00a0 \u00a0 \u00a0 \u00a0 \u00a0 \u00a0 \u00a0 \u00a0 \u00a0 \u00a0 \u00a0 \u00a0 \u00a0 \u00a0 \u00a0 \u00a0 \u00a0 \u00a0 \u00a0 \u00a0 \u00a0 \u00a0 \u00a0 \u00a0 \u00a0 \u00a0 \u00a0 \u00a0 \u00a0 \u00a0 \u00a0 \u00a0 \u00a0 \u00a0 \u00a0 \u00a0 \u00a0 \u00a0 \u00a0 \u00a0 \u00a0 \u00a0 \u00a0 \u00a0 \u00a0 \u00a0 \u00a0 \u00a0 \u00a0 \u00a0 \u00a0 \u00a0 \u00a0 \u00a0 \u00a0 \u00a0 \u00a0 \u00a0 \u00a0 \u00a0 \u00a0 De plus, tous les mois, les recettes ayant\u00a0 plus particuli\u00e8rement retenu notre attention, seront r\u00e9compens\u00e9es par l\u2019envoi d\u2019une grande boite fer ancienne, originale (boite 1 kg de 1930). Envoyez nous simplement votre adresse mail par notre <a href=\"http:\/\/rabelais.navweb.fr\/?page_id=102\">formulaire de contact<\/a>, (par mail ou par courrier).\u00a0<\/p>\n<p><span style=\"font-size: 10pt;\"><em><span style=\"font-size: 10pt;\">( R\u00e8glement: Toute personne, sans obligation d\u2019achat peut nous adresser une recette ou id\u00e9e d\u2019utilisation simple ou originale dans laquelle sont utilis\u00e9es les\u00a0<\/span><span style=\"font-size: 13.3333px;\"><b>\u00c9pices<\/b><\/span><b style=\"font-size: 10pt;\">\u00a0Rabelais. <\/b><span style=\"font-size: 10pt;\">Boutique Rabelais se r\u00e9serve le droit d\u2019utiliser \u00e0 sa convenance et librement sur tout support, tout ou partie des \u00e9l\u00e9ments, recettes ou id\u00e9es d\u2019utilisation des Epices Rabelais qui lui parviendront...Tous les mois les recettes qui auront plus particuli\u00e8rement retenu notre attention seront r\u00e9compens\u00e9es par l\u2019envoi d\u2019une grande boite fer ancienne, originale )<\/span><\/em><\/span><\/p>\n<\/div>\n<\/div><\/div><\/div><\/div><\/div><\/div><\/div>","protected":false},"excerpt":{"rendered":"<p>1 2 C\u2019est en 1880\u00a0 sur les quais du port de Marseille qui embaument des odeurs d\u2019\u00e9pices fra\u00eechement d\u00e9barqu\u00e9es des Indes et d\u2019Afrique, que\u00a0Reynaud de Mazan, esprit curieux et imaginatif a l\u2019id\u00e9e de cr\u00e9er ce m\u00e9lange subtil, en associant\u00a0les \u00c9pices d\u2019Orient et les Aromates des collines de Provence. 100% v\u00e9g\u00e9tal\u00a0\u00a0(sans aucun additif\u00a0). Composition inchang\u00e9e depuis [&hellip;]<\/p>\n","protected":false},"author":1,"featured_media":0,"parent":0,"menu_order":0,"comment_status":"closed","ping_status":"closed","template":"","meta":[],"_links":{"self":[{"href":"http:\/\/rabelais.navweb.fr\/index.php?rest_route=\/wp\/v2\/pages\/10"}],"collection":[{"href":"http:\/\/rabelais.navweb.fr\/index.php?rest_route=\/wp\/v2\/pages"}],"about":[{"href":"http:\/\/rabelais.navweb.fr\/index.php?rest_route=\/wp\/v2\/types\/page"}],"author":[{"embeddable":true,"href":"http:\/\/rabelais.navweb.fr\/index.php?rest_route=\/wp\/v2\/users\/1"}],"replies":[{"embeddable":true,"href":"http:\/\/rabelais.navweb.fr\/index.php?rest_route=%2Fwp%2Fv2%2Fcomments&post=10"}],"version-history":[{"count":46,"href":"http:\/\/rabelais.navweb.fr\/index.php?rest_route=\/wp\/v2\/pages\/10\/revisions"}],"predecessor-version":[{"id":185,"href":"http:\/\/rabelais.navweb.fr\/index.php?rest_route=\/wp\/v2\/pages\/10\/revisions\/185"}],"wp:attachment":[{"href":"http:\/\/rabelais.navweb.fr\/index.php?rest_route=%2Fwp%2Fv2%2Fmedia&parent=10"}],"curies":[{"name":"wp","href":"https:\/\/api.w.org\/{rel}","templated":true}]}}